7*z**2 - 426*z - 1282. Give p(-3).
59
Let k(c) = 554*c - 588. What is k(1)?
-34
Let p(k) = -44*k - 121. Determine p(-2).
-33
Let f(j) = -552*j - 1090. Calculate f(-2).
14
Let s(z) = -z**3 + 246*z**2 - 48*z + 11832. Determine s(246).
24
Let c(x) = -6*x + 36. Give c(9).
-18
Let a(z) = 3*z**3 - 64*z**2 - 44*z - 65. Calculate a(22).
-65
Let m(u) = u**3 - 24*u**2 + 4*u - 120. Calculate m(23).
-557
Let l(n) = 10*n - 95. What is l(-11)?
-205
Let g(u) = 471*u - 1682. Calculate g(5).
673
Let j(c) = c**3 + 89*c**2 + 19*c + 1697. Determine j(-89).
6
Let j(d) = -3*d**3 + 324*d**2 + 45*d - 4854. What is j(108)?
6
Let t(i) = -30*i - 19. Determine t(4).
-139
Let w(c) = 1335*c + 33289. What is w(-25)?
-86
Let n(c) = 9*c**2 - 16*c - 6. Give n(-4).
202
Let t(b) = 10*b**3 + 18*b**2 - 43*b + 24. Give t(1).
9
Let x(o) = -207*o + 5592. Give x(27).
3
Let s(f) = 54*f + 2306. Give s(-47).
-232
Let a(g) = g**3 - 2*g**2 - 154*g - 304. Give a(-10).
36
Let m(w) = -7*w**3 - 39*w**2 + 13*w - 5. Give m(-6).
25
Let f(d) = -d**3 - 3*d**2 - 42*d - 213. Determine f(-4).
-29
Let b(z) = 6*z**3 + 74*z**2 - 51*z - 57. Calculate b(-13).
-70
Let x(n) = -5*n**3 - 47*n**2 + 161*n + 66. Determine x(-12).
6
Let b(k) = -k**2 - 32*k + 232. Calculate b(6).
4
Let g(f) = -f**3 + 6*f**2 + 17*f - 3. Calculate g(9).
-93
Let w(t) = -t**3 - 23*t**2 - 126*t + 30. What is w(-14)?
30
Let t(k) = k**2 + 91*k + 1067. Calculate t(-77).
-11
Let g(m) = 7*m - 155. Calculate g(16).
-43
Let g(p) = -p**2 + 32*p + 235. Determine g(35).
130
Let p(g) = -218*g - 2104. Determine p(-9).
-142
Let u(m) = -m**3 + 79*m**2 + 247*m - 85. Determine u(82).
-3
Let x(b) = b**3 - 4*b**2 + 22*b - 54. Calculate x(9).
549
Let u(a) = -a**3 - 7*a**2 - 226*a - 1583. Determine u(-7).
-1
Let l(m) = 21*m + 43. Calculate l(-2).
1
Let d(z) = -31*z - 178. Determine d(5).
-333
Let m(q) = -2*q**2 + 264*q + 1406. What is m(137)?
36
Let p(j) = 1666*j - 10007. Give p(6).
-11
Let v(j) = j**3 - 30*j**2 + 13*j - 396. Calculate v(30).
-6
Let w(d) = d**3 + 8*d**2 - 21*d - 16. Give w(-10).
-6
Let t(m) = 3*m**2 - 4*m + 7. Calculate t(0).
7
Let k(m) = 2*m**3 + 26*m**2 + 14*m + 64. What is k(-12)?
184
Let d(y) = -y**2 - 667*y + 71542. Give d(94).
8
Let q(p) = -37*p + 149. Determine q(4).
1
Let z(m) = -65*m + 161. Determine z(3).
-34
Let x(i) = 7*i**3 - 5*i**2 + 8*i + 31. What is x(-3)?
-227
Let v(g) = -g**3 + 12*g**2 + 51*g - 621. Calculate v(12).
-9
Let m(d) = 184*d + 5845. What is m(-32)?
-43
Let p(u) = u**3 - 12*u**2 + 30*u - 28. Calculate p(8).
-44
Let z(k) = -2*k**2 - 56*k - 373. Give z(-17).
1
Let h(z) = -56*z - 1114. What is h(-20)?
6
Let x(y) = -y**3 - 10*y**2 + 11*y + 3. Give x(-10).
-107
Let i(f) = -25*f - 310. Determine i(-13).
15
Let f(v) = -501*v**2 - 12*v - 13. Calculate f(-1).
-502
Let g(z) = -z**2 - 22*z - 112. What is g(-7)?
-7
Let y(b) = b + 43. Give y(-32).
11
Let n(f) = -f**3 + 18*f**2 - 14*f + 263. Calculate n(18).
11
Let a(l) = -8*l - 817. Determine a(-103).
7
Let x(l) = -85*l - 1069. Calculate x(-12).
-49
Let j(x) = x**3 + 73*x**2 + 71*x - 101. What is j(-72)?
-29
Let t(x) = -x**3 + 21*x**2 - 167*x + 2432. Determine t(19).
-19
Let i(j) = -2*j**2 + 45*j + 262. Give i(22).
284
Let u(b) = 2*b**2 + 21*b - 15. Give u(-12).
21
Let b(r) = -2*r + 80. Determine b(-11).
102
Let r(a) = -2*a**3 - 306*a**2 - 301*a + 408. What is r(-152)?
-48
Let s(j) = 5*j**2 - 6*j - 9. Determine s(12).
639
Let v(n) = -1937*n + 85226. What is v(44)?
-2
Let l(c) = -3*c**3 + 30*c**2 - 50*c + 456. Give l(10).
-44
Let z(r) = -r**3 + 14*r**2 - 24*r - 34. Give z(11).
65
Let v(j) = -99*j - 450. Determine v(-8).
342
Let c(i) = 25*i + 400. What is c(-19)?
-75
Let q(t) = -125*t - 1487. What is q(-12)?
13
Let d(o) = -422*o. What is d(1)?
-422
Let s(b) = 2*b**2 - 182*b + 1334. What is s(8)?
6
Let d(h) = -h**2 + 29*h - 943. Calculate d(19).
-753
Let p(z) = 6*z**3 + 40*z**2 + 4*z + 6. Determine p(-5).
236
Let g(q) = q**3 - 20*q**2 - 1663*q - 48. What is g(52)?
4
Let d(r) = -2*r**3 - 52*r**2 - 99*r + 138. Give d(-24).
210
Let b(z) = -25*z**2 - 76*z + 10. Determine b(-3).
13
Let m(l) = -263*l + 789. What is m(3)?
0
Let d(w) = w**3 - 24*w**2 - 343*w - 27. Determine d(-10).
3
Let o(g) = 261*g - 1161. What is o(5)?
144
Let l(m) = m**3 + 4*m**2 - 180*m - 879. Determine l(-5).
-4
Let t(g) = g**3 - 2*g**2 + 4*g - 99. Give t(0).
-99
Let u(l) = -l**2 + 31*l + 196. Determine u(35).
56
Let m(d) = -d**2 - 33*d - 287. Calculate m(-32).
-255
Let o(s) = 49*s - 328. Calculate o(7).
15
Let v(q) = 1080*q - 58331. Determine v(54).
-11
Let m(u) = 1592*u - 39781. Give m(25).
19
Let h(z) = -356*z - 2508. Determine h(-7).
-16
Let x(z) = -z**2 + 132*z + 4638. Calculate x(-29).
-31
Let s(b) = -59*b**3 + b**2 + 3*b - 4. Calculate s(1).
-59
Let x(k) = -144*k - 3702. Determine x(-26).
42
Let b(z) = -z**3 - 254*z**2 - 501*z + 778. Determine b(-252).
22
Let r(b) = -b**3 - 12*b**2 + 102*b + 1085. Determine r(-14).
49
Let z(f) = -826*f + 843. What is z(1)?
17
Let g(u) = u**3 + 40*u**2 + 54*u - 830. Calculate g(-38).
6
Let g(y) = 14259*y - 71294. Give g(5).
1
Let n(u) = 362*u + 36562. Give n(-101).
0
Let n(v) = 304*v + 4243. Determine n(-14).
-13
Let q(w) = 2*w**2 + 11*w + 2. Calculate q(-8).
42
Let g(a) = 411*a + 3440. Determine g(-8).
152
Let w(s) = -33*s + 9485. Give w(288).
-19
Let w(c) = -8*c - 248. What is w(-25)?
-48
Let w(h) = -14*h**2 + 169*h - 12. What is w(12)?
0
Let a(g) = -g**2 - 182*g - 8158. What is a(-80)?
2
Let j(b) = 3*b**2 - 71*b + 49. Give j(23).
3
Let f(o) = 845*o + 43110. What is f(-51)?
15
Let z(k) = k**2 + 18*k - 166. What is z(-27)?
77
Let r(n) = 524*n - 1076. Determine r(2).
-28
Let c(h) = -h**3 - h**2 + 208*h + 605. Determine c(-3).
-1
Let y(t) = 16*t**2 - 15*t - 49. Determine y(-4).
267
Let p(a) = 1977*a - 17793. Determine p(9).
0
Let p(f) = 187*f + 34769. Calculate p(-186).
-13
Let v(a) = -14*a**2 + 301*a - 181. Give v(21).
-34
Let r(d) = 28*d - 184. What is r(4)?
-72
Let x(z) = z**3 - 9*z**2 + 13*z - 17. Give x(6).
-47
Let f(w) = -4*w**2 - 326*w + 167. Give f(-82).
3
Let f(d) = -d**2 - 20*d + 47. Give f(3).
-22
Let u(w) = 1143*w + 4643. Determine u(-4).
71
Let a(s) = 78*s**3 + 2*s**2 + 2*s + 1. Give a(-1).
-77
Let o(l) = -l**3 + 4*l**2 + 907*l - 3627. What is o(4)?
1
Let h(p) = 7*p**2 + 162*p - 149. Determine h(-24).
-5
Let x(i) = -i**2 - 372*i + 2655. Determine x(7).
2
Let o(u) = -u**3 - 15*u**2 - 25*u - 157. Determine o(-14).
-3
Let n(k) = k**3 - 8*k**2 - 18*k + 75. Determine n(9).
-6
Let z(g) = g**2 - 55*g + 592. Determine z(14).
18
Let c(t) = -12*t**2 - 253*t - 5. Calculate c(-21).
16
Let x(l) = -l**3 + 2*l**2 + 22*l - 26. What is x(6)?
-38
Let y(q) = -2*q**2 - 7*q + 2851. Give y(36).
7
Let v(m) = m**2 - 36*m - 339. Calculate v(46).
121
Let g(s) = 136*s + 5298. Calculate g(-39).
-6
Let r(z) = 3*z**2 - 18*z + 38. Determine r(4).
14
Let g(p) = -210*p**2 - 415*p - 4. What is g(-2)?
-14
Let n(g) = -34*g - 2317. What is n(-68)?
-5
Let f(c) = -16*c + 447. Calculate f(25).
47
Let k(m) = m**2 + 416*m + 1630. Give k(-4).
-18
Let r(f) = 29*f + 257. Calculate r(7).
460
Let c(j) = -177*j - 19794. What is c(-112)?
30
Let i(g) = 9*g - 505. What is i(47)?
-82
Let r(u) = -8*u**3 + 6*u**2 + 42*u + 35. Calculate r(3).
-1
Let o(x) = 3812*x**2 + 15249*x + 6. What is o(-4)?
2
Let o(y) = -y**2 + 94*y - 1677. Calculate o(23).
-44
Let g(w) = 20*w + 485. Determine g(-24).
5
Let n(g) = g**3 - 170*g**2 + 3000*g - 5. Give n(20).
-5
Let c(j) = -j**2 + 38*j - 119. Determine c(3).
-14
Let o(t) = 31*t**2 + 8*t - 4. Give o(2).
136
Let y(d) = -429*d + 4770. Determine y(11).
51
Let d(p) = p**2 + 31*p + 157. Give d(-28).
73
Let u(c) = c**3 - 18*c**2 - 278*c + 8. Give u(-10).
-12
Let g(t) = -38*t + 1898. Determine g(50).
-2
Let o(c) = -2*c**3 - c**2 + 149*c - 149. Determine o(1).
-3
Let s(t) = -44*t - 3169. Determine s(-72).
-1
Let u(m) = m**3 - 10*m**2 + 19*m - 93. Calculate u(9).
-3
Let g(c) = 163*c - 5058. What is g(31)?
-5
Let a(p) = -p**3 - 5*p**2 + 26*p + 92. What is a(-6)?
-28
Let f(g) = 3*g**2 - 27*g - 14. Give f(12).
94
Let w(c) = 264*c - 36700. Calculate w(139).
-4
Let r(s) = 16*s**2 + 114*s - 257. Determine r(-9).
13
Let o(q) = -646*q + 7754. Determine o(12).
2
Let h(j) = -11*j**2 + 21*j + 20. Give h(6).
-250
Let z(b) = -b**3 + 60*b**2 + 58*b + 150. Give z(61).
-33
Let j(t) = -473*t + 12302. De